{"id":40,"date":"2021-03-08T11:48:30","date_gmt":"2021-03-08T14:48:30","guid":{"rendered":"https:\/\/admpg.com.br\/2021\/?page_id=40"},"modified":"2021-04-20T10:11:30","modified_gmt":"2021-04-20T13:11:30","slug":"comite-gestor","status":"publish","type":"page","link":"https:\/\/admpg.com.br\/2021\/comite-gestor\/","title":{"rendered":"Comit\u00ea Gestor"},"content":{"rendered":"\r\n<p><strong>Comit\u00ea Gestor ADM<\/strong><\/p>\r\n<p><strong>Coordena\u00e7\u00e3o Geral: <\/strong><\/p>\r\n<p><span style=\"font-size: 16px;\">Profa. Marilisa do Rocio Oliveira<\/span><\/p>\r\n<p>&nbsp;<\/p>\r\n\r\n\r\n\r\n<p><strong>Comit\u00ea Cient\u00edfico:<\/strong><\/p>\r\n<p>Profa. Adriana G. Fabrini<\/p>\r\n\r\n\r\n\r\n\r\n\r\n<p>Prof. Aroldo Messias<\/p>\r\n\r\n\r\n\r\n<p>Prof. Cesar Eduardo Abud Limas<\/p>\r\n<p>Profa. Gislaine Martinelli Baniski<\/p>\r\n\r\n\r\n\r\n\r\n\r\n<p>Prof. Luiz Fernando Lara<\/p>\r\n<p>Prof. Osvaldo Malta Callegari<\/p>\r\n\r\n\r\n\r\n\r\n\r\n<p>&nbsp;<\/p>\r\n<p><strong>Comit\u00ea de Programa\u00e7\u00e3o e Workshops:<\/strong><\/p>\r\n\r\n\r\n\r\n<p>Profa. Adriana Schatz<\/p>\r\n\r\n\r\n\r\n<p>Profa. Eliane de F\u00e1tima Rauski<\/p>\r\n\r\n\r\n\r\n<p>Profa. Gislaine Martinelli Baniski<\/p>\r\n<p>Prof. Luis Fernando Souza<\/p>\r\n\r\n\r\n\r\n<p>Prof. Luiz Laertes de Freitas<\/p>\r\n\r\n\r\n\r\n<p>&nbsp;<\/p>\r\n<p><strong>Comit\u00ea de Infra-estrutura e log\u00edstica:<\/strong><\/p>\r\n\r\n\r\n\r\n<p>Prof. Osvaldo Malta Callegari<\/p>\r\n\r\n\r\n\r\n<p>Prof. Livio Marcel Queji<\/p>\r\n\r\n\r\n\r\n<p>&nbsp;<\/p>\r\n<p><strong>Comit\u00ea de Tradu\u00e7\u00e3o:<\/strong><\/p>\r\n\r\n\r\n\r\n<p>Cleonice Martins ( espanhol)<\/p>\r\n\r\n\r\n\r\n<p>Patricia Abud Limas (ingl\u00eas)<\/p>\r\n\r\n\r\n\r\n<p>&nbsp;<\/p>\r\n<p><strong>Comit\u00ea de Tecnologia:<\/strong><\/p>\r\n\r\n\r\n\r\n<p>Albino Szesz Junior<\/p>\r\n<p>Luiz Pedro Petroski<\/p>\r\n\r\n\r\n\r\n\r\n\r\n<p>&nbsp;<\/p>\r\n<p><strong>Apoio Administrativo:<\/strong><\/p>\r\n\r\n\r\n\r\n<p>Lucia Helena de Oliveira<\/p>\r\n\r\n\r\n\r\n<p>Maur\u00edcio Kaczmarech<\/p>\r\n\r\n\r\n\r\n<p>&nbsp;<\/p>\r\n<p><strong>Assessoria de Comunica\u00e7\u00e3o e Marketing:<\/strong><\/p>\r\n\r\n\r\n\r\n<p>CR Comunica\u00e7\u00e3o e Marketing<\/p>\r\n","protected":false},"excerpt":{"rendered":"<p>Comit\u00ea Gestor ADM Coordena\u00e7\u00e3o Geral: Profa. Marilisa do Rocio Oliveira &nbsp; Comit\u00ea Cient\u00edfico: Profa. Adriana G. Fabrini Prof. Aroldo Messias Prof. Cesar Eduardo Abud Limas Profa. Gislaine Martinelli Baniski Prof. Luiz Fernando Lara Prof. Osvaldo Malta Callegari &nbsp; Comit\u00ea de Programa\u00e7\u00e3o e Workshops: Profa. Adriana Schatz Profa. Eliane de F\u00e1tima Rauski Profa. Gislaine Martinelli Baniski &hellip;<\/p>\n<p class=\"read-more\"> <a class=\"\" href=\"https:\/\/admpg.com.br\/2021\/comite-gestor\/\"> <span class=\"screen-reader-text\">Comit\u00ea Gestor<\/span> Leia mais &raquo;<\/a><\/p>\n","protected":false},"author":1,"featured_media":0,"parent":0,"menu_order":0,"comment_status":"closed","ping_status":"closed","template":"","meta":{"footnotes":""},"class_list":["post-40","page","type-page","status-publish","hentry"],"yoast_head":"<!-- This site is optimized with the Yoast SEO plugin v16.1.1 - https:\/\/yoast.com\/wordpress\/plugins\/seo\/ -->\n<title>Comit\u00ea Gestor - Congresso Internacional de Administra\u00e7\u00e3o - ADM 2021<\/title>\n<link rel=\"canonical\" href=\"https:\/\/admpg.com.br\/2021\/comite-gestor\/\" \/>\n<meta property=\"og:locale\" content=\"pt_BR\" \/>\n<meta property=\"og:type\" content=\"article\" \/>\n<meta property=\"og:title\" content=\"Comit\u00ea Gestor - Congresso Internacional de Administra\u00e7\u00e3o - ADM 2021\" \/>\n<meta property=\"og:description\" content=\"Comit\u00ea Gestor ADM Coordena\u00e7\u00e3o Geral: Profa. Marilisa do Rocio Oliveira &nbsp; Comit\u00ea Cient\u00edfico: Profa. Adriana G. Fabrini Prof. Aroldo Messias Prof. Cesar Eduardo Abud Limas Profa. Gislaine Martinelli Baniski Prof. Luiz Fernando Lara Prof. Osvaldo Malta Callegari &nbsp; Comit\u00ea de Programa\u00e7\u00e3o e Workshops: Profa. Adriana Schatz Profa. Eliane de F\u00e1tima Rauski Profa. Gislaine Martinelli Baniski &hellip; Comit\u00ea Gestor Leia mais &raquo;\" \/>\n<meta property=\"og:url\" content=\"https:\/\/admpg.com.br\/2021\/comite-gestor\/\" \/>\n<meta property=\"og:site_name\" content=\"Congresso Internacional de Administra\u00e7\u00e3o - ADM 2021\" \/>\n<meta property=\"article:modified_time\" content=\"2021-04-20T13:11:30+00:00\" \/>\n<meta name=\"twitter:card\" content=\"summary_large_image\" \/>\n<meta name=\"twitter:label1\" content=\"Est. tempo de leitura\">\n\t<meta name=\"twitter:data1\" content=\"1 minuto\">\n<script type=\"application\/ld+json\" class=\"yoast-schema-graph\">{\"@context\":\"https:\/\/schema.org\",\"@graph\":[{\"@type\":\"WebSite\",\"@id\":\"https:\/\/admpg.com.br\/2021\/#website\",\"url\":\"https:\/\/admpg.com.br\/2021\/\",\"name\":\"Congresso Internacional de Administra\\u00e7\\u00e3o - ADM 2021\",\"description\":\"ADM 2021\",\"potentialAction\":[{\"@type\":\"SearchAction\",\"target\":\"https:\/\/admpg.com.br\/2021\/?s={search_term_string}\",\"query-input\":\"required name=search_term_string\"}],\"inLanguage\":\"pt-BR\"},{\"@type\":\"WebPage\",\"@id\":\"https:\/\/admpg.com.br\/2021\/comite-gestor\/#webpage\",\"url\":\"https:\/\/admpg.com.br\/2021\/comite-gestor\/\",\"name\":\"Comit\\u00ea Gestor - Congresso Internacional de Administra\\u00e7\\u00e3o - ADM 2021\",\"isPartOf\":{\"@id\":\"https:\/\/admpg.com.br\/2021\/#website\"},\"datePublished\":\"2021-03-08T14:48:30+00:00\",\"dateModified\":\"2021-04-20T13:11:30+00:00\",\"breadcrumb\":{\"@id\":\"https:\/\/admpg.com.br\/2021\/comite-gestor\/#breadcrumb\"},\"inLanguage\":\"pt-BR\",\"potentialAction\":[{\"@type\":\"ReadAction\",\"target\":[\"https:\/\/admpg.com.br\/2021\/comite-gestor\/\"]}]},{\"@type\":\"BreadcrumbList\",\"@id\":\"https:\/\/admpg.com.br\/2021\/comite-gestor\/#breadcrumb\",\"itemListElement\":[{\"@type\":\"ListItem\",\"position\":1,\"item\":{\"@type\":\"WebPage\",\"@id\":\"https:\/\/admpg.com.br\/2021\/\",\"url\":\"https:\/\/admpg.com.br\/2021\/\",\"name\":\"In\\u00edcio\"}},{\"@type\":\"ListItem\",\"position\":2,\"item\":{\"@type\":\"WebPage\",\"@id\":\"https:\/\/admpg.com.br\/2021\/comite-gestor\/\",\"url\":\"https:\/\/admpg.com.br\/2021\/comite-gestor\/\",\"name\":\"Comit\\u00ea Gestor\"}}]}]}<\/script>\n<!-- \/ Yoast SEO plugin. -->","_links":{"self":[{"href":"https:\/\/admpg.com.br\/2021\/wp-json\/wp\/v2\/pages\/40","targetHints":{"allow":["GET"]}}],"collection":[{"href":"https:\/\/admpg.com.br\/2021\/wp-json\/wp\/v2\/pages"}],"about":[{"href":"https:\/\/admpg.com.br\/2021\/wp-json\/wp\/v2\/types\/page"}],"author":[{"embeddable":true,"href":"https:\/\/admpg.com.br\/2021\/wp-json\/wp\/v2\/users\/1"}],"replies":[{"embeddable":true,"href":"https:\/\/admpg.com.br\/2021\/wp-json\/wp\/v2\/comments?post=40"}],"version-history":[{"count":4,"href":"https:\/\/admpg.com.br\/2021\/wp-json\/wp\/v2\/pages\/40\/revisions"}],"predecessor-version":[{"id":87,"href":"https:\/\/admpg.com.br\/2021\/wp-json\/wp\/v2\/pages\/40\/revisions\/87"}],"wp:attachment":[{"href":"https:\/\/admpg.com.br\/2021\/wp-json\/wp\/v2\/media?parent=40"}],"curies":[{"name":"wp","href":"https:\/\/api.w.org\/{rel}","templated":true}]}}