{"id":2212,"date":"2019-08-09T19:05:48","date_gmt":"2019-08-09T19:05:48","guid":{"rendered":"http:\/\/admpg.com.br\/2020\/?page_id=2212"},"modified":"2020-09-29T23:14:57","modified_gmt":"2020-09-29T23:14:57","slug":"comite-gestor-do-adm2020","status":"publish","type":"page","link":"https:\/\/admpg.com.br\/2020\/comite-gestor-do-adm2020\/","title":{"rendered":"Comit\u00ea Gestor"},"content":{"rendered":"\r\n<p><strong>Comit\u00ea Gestor ADM\u00a0<\/strong><\/p>\r\n\r\n\r\n\r\n<p><strong>Coordena\u00e7\u00e3o Geral: <\/strong><\/p>\r\n\r\n\r\n\r\n<p>Profa. Marilisa do Rocio Oliveira<\/p>\r\n\r\n\r\n\r\n<p><strong>Comit\u00ea Cient\u00edfico:<\/strong><\/p>\r\n\r\n\r\n\r\n<p>Profa. Adriana G. Fabrini<\/p>\r\n\r\n\r\n\r\n<p>Prof. Aroldo Messias<\/p>\r\n\r\n\r\n\r\n<p>Prof. Cesar Eduardo Abud Limas<\/p>\r\n<p>Profa. Gislaine Martinelli Baniski<\/p>\r\n\r\n\r\n\r\n\r\n\r\n<p>Prof. Luiz Fernando Lara<\/p>\r\n<p>Prof. Osvaldo Malta Callegari<\/p>\r\n\r\n\r\n\r\n\r\n\r\n<p><strong>Comit\u00ea de Programa\u00e7\u00e3o e Workshops:<\/strong><\/p>\r\n\r\n\r\n\r\n<p>Profa. Adriana Schatz<\/p>\r\n\r\n\r\n\r\n<p>Profa. Eliane de F\u00e1tima Rauski<\/p>\r\n\r\n\r\n\r\n<p>Profa. Gislaine Martinelli Baniski<\/p>\r\n<p>Prof. Luis Fernando Souza<\/p>\r\n\r\n\r\n\r\n<p>Prof. Luiz Laertes de Freitas<\/p>\r\n\r\n\r\n\r\n<p><strong>Comit\u00ea de Infra-estrutura e log\u00edstica:<\/strong><\/p>\r\n\r\n\r\n\r\n<p>Prof. Osvaldo Malta Callegari<\/p>\r\n\r\n\r\n\r\n<p>Prof. Livio Marcel Queji<\/p>\r\n\r\n\r\n\r\n<p><strong>Comit\u00ea de Tradu\u00e7\u00e3o:<\/strong><\/p>\r\n\r\n\r\n\r\n<p>Cleonice Martins ( espanhol)<\/p>\r\n\r\n\r\n\r\n<p>Patricia Abud Limas (ingl\u00eas)<\/p>\r\n\r\n\r\n\r\n<p><strong>Comit\u00ea de Tecnologia:<\/strong><\/p>\r\n\r\n\r\n\r\n<p>Albino Szesz Junior<\/p>\r\n<p>Luiz Pedro Petroski<\/p>\r\n\r\n\r\n\r\n<p><strong>Secret\u00e1ria:<\/strong><\/p>\r\n\r\n\r\n\r\n<p>Emanoelly Cristina Viante de Souza<\/p>\r\n\r\n\r\n\r\n<p><strong>Apoio Administrativo:<\/strong><\/p>\r\n\r\n\r\n\r\n<p>Lucia Helena de Oliveira<\/p>\r\n\r\n\r\n\r\n<p>Maur\u00edcio Kaczmarech<\/p>\r\n\r\n\r\n\r\n<p><strong>Assessoria de Comunica\u00e7\u00e3o e Marketing:<\/strong><\/p>\r\n\r\n\r\n\r\n<p>CR Comunica\u00e7\u00e3o e Marketing<\/p>\r\n","protected":false},"excerpt":{"rendered":"<p>Comit\u00ea Gestor ADM\u00a0 Coordena\u00e7\u00e3o Geral: Profa. Marilisa do Rocio Oliveira Comit\u00ea Cient\u00edfico: Profa. Adriana G. Fabrini Prof. Aroldo Messias Prof. Cesar Eduardo Abud Limas Profa. Gislaine Martinelli Baniski Prof. Luiz Fernando Lara Prof. Osvaldo Malta Callegari Comit\u00ea de Programa\u00e7\u00e3o e Workshops: Profa. Adriana Schatz Profa. Eliane de F\u00e1tima Rauski Profa. Gislaine Martinelli Baniski Prof. Luis&nbsp;<\/p>\n<p><a class=\"btn btn-style\" href=\"https:\/\/admpg.com.br\/2020\/comite-gestor-do-adm2020\/\">Continue lendo<\/a><\/p>\n","protected":false},"author":1,"featured_media":0,"parent":0,"menu_order":0,"comment_status":"closed","ping_status":"closed","template":"","meta":[],"yoast_head":"<!-- This site is optimized with the Yoast SEO plugin v19.10 - https:\/\/yoast.com\/wordpress\/plugins\/seo\/ -->\n<title>Comit\u00ea Gestor - ADM 2020<\/title>\n<meta name=\"robots\" content=\"index, follow, max-snippet:-1, max-image-preview:large, max-video-preview:-1\" \/>\n<link rel=\"canonical\" href=\"https:\/\/admpg.com.br\/2020\/comite-gestor-do-adm2020\/\" \/>\n<meta property=\"og:locale\" content=\"pt_BR\" \/>\n<meta property=\"og:type\" content=\"article\" \/>\n<meta property=\"og:title\" content=\"Comit\u00ea Gestor - ADM 2020\" \/>\n<meta property=\"og:description\" content=\"Comit\u00ea Gestor ADM\u00a0 Coordena\u00e7\u00e3o Geral: Profa. Marilisa do Rocio Oliveira Comit\u00ea Cient\u00edfico: Profa. Adriana G. Fabrini Prof. Aroldo Messias Prof. Cesar Eduardo Abud Limas Profa. Gislaine Martinelli Baniski Prof. Luiz Fernando Lara Prof. Osvaldo Malta Callegari Comit\u00ea de Programa\u00e7\u00e3o e Workshops: Profa. Adriana Schatz Profa. Eliane de F\u00e1tima Rauski Profa. Gislaine Martinelli Baniski Prof. Luis&nbsp;Continue lendo\" \/>\n<meta property=\"og:url\" content=\"https:\/\/admpg.com.br\/2020\/comite-gestor-do-adm2020\/\" \/>\n<meta property=\"og:site_name\" content=\"ADM 2020\" \/>\n<meta property=\"article:modified_time\" content=\"2020-09-29T23:14:57+00:00\" \/>\n<meta name=\"twitter:card\" content=\"summary_large_image\" \/>\n<meta name=\"twitter:label1\" content=\"Est. tempo de leitura\" \/>\n\t<meta name=\"twitter:data1\" content=\"1 minuto\" \/>\n<script type=\"application\/ld+json\" class=\"yoast-schema-graph\">{\"@context\":\"https:\/\/schema.org\",\"@graph\":[{\"@type\":\"WebPage\",\"@id\":\"https:\/\/admpg.com.br\/2020\/comite-gestor-do-adm2020\/\",\"url\":\"https:\/\/admpg.com.br\/2020\/comite-gestor-do-adm2020\/\",\"name\":\"Comit\u00ea Gestor - ADM 2020\",\"isPartOf\":{\"@id\":\"https:\/\/admpg.com.br\/2020\/#website\"},\"datePublished\":\"2019-08-09T19:05:48+00:00\",\"dateModified\":\"2020-09-29T23:14:57+00:00\",\"breadcrumb\":{\"@id\":\"https:\/\/admpg.com.br\/2020\/comite-gestor-do-adm2020\/#breadcrumb\"},\"inLanguage\":\"pt-BR\",\"potentialAction\":[{\"@type\":\"ReadAction\",\"target\":[\"https:\/\/admpg.com.br\/2020\/comite-gestor-do-adm2020\/\"]}]},{\"@type\":\"BreadcrumbList\",\"@id\":\"https:\/\/admpg.com.br\/2020\/comite-gestor-do-adm2020\/#breadcrumb\",\"itemListElement\":[{\"@type\":\"ListItem\",\"position\":1,\"name\":\"In\u00edcio\",\"item\":\"https:\/\/admpg.com.br\/2020\/\"},{\"@type\":\"ListItem\",\"position\":2,\"name\":\"Comit\u00ea Gestor\"}]},{\"@type\":\"WebSite\",\"@id\":\"https:\/\/admpg.com.br\/2020\/#website\",\"url\":\"https:\/\/admpg.com.br\/2020\/\",\"name\":\"ADM 2020\",\"description\":\"Congresso Internacional de Administra\u00e7\u00e3o 2019\",\"potentialAction\":[{\"@type\":\"SearchAction\",\"target\":{\"@type\":\"EntryPoint\",\"urlTemplate\":\"https:\/\/admpg.com.br\/2020\/?s={search_term_string}\"},\"query-input\":\"required name=search_term_string\"}],\"inLanguage\":\"pt-BR\"}]}<\/script>\n<!-- \/ Yoast SEO plugin. -->","yoast_head_json":{"title":"Comit\u00ea Gestor - ADM 2020","robots":{"index":"index","follow":"follow","max-snippet":"max-snippet:-1","max-image-preview":"max-image-preview:large","max-video-preview":"max-video-preview:-1"},"canonical":"https:\/\/admpg.com.br\/2020\/comite-gestor-do-adm2020\/","og_locale":"pt_BR","og_type":"article","og_title":"Comit\u00ea Gestor - ADM 2020","og_description":"Comit\u00ea Gestor ADM\u00a0 Coordena\u00e7\u00e3o Geral: Profa. Marilisa do Rocio Oliveira Comit\u00ea Cient\u00edfico: Profa. Adriana G. Fabrini Prof. Aroldo Messias Prof. Cesar Eduardo Abud Limas Profa. Gislaine Martinelli Baniski Prof. Luiz Fernando Lara Prof. Osvaldo Malta Callegari Comit\u00ea de Programa\u00e7\u00e3o e Workshops: Profa. Adriana Schatz Profa. Eliane de F\u00e1tima Rauski Profa. Gislaine Martinelli Baniski Prof. Luis&nbsp;Continue lendo","og_url":"https:\/\/admpg.com.br\/2020\/comite-gestor-do-adm2020\/","og_site_name":"ADM 2020","article_modified_time":"2020-09-29T23:14:57+00:00","twitter_card":"summary_large_image","twitter_misc":{"Est. tempo de leitura":"1 minuto"},"schema":{"@context":"https:\/\/schema.org","@graph":[{"@type":"WebPage","@id":"https:\/\/admpg.com.br\/2020\/comite-gestor-do-adm2020\/","url":"https:\/\/admpg.com.br\/2020\/comite-gestor-do-adm2020\/","name":"Comit\u00ea Gestor - ADM 2020","isPartOf":{"@id":"https:\/\/admpg.com.br\/2020\/#website"},"datePublished":"2019-08-09T19:05:48+00:00","dateModified":"2020-09-29T23:14:57+00:00","breadcrumb":{"@id":"https:\/\/admpg.com.br\/2020\/comite-gestor-do-adm2020\/#breadcrumb"},"inLanguage":"pt-BR","potentialAction":[{"@type":"ReadAction","target":["https:\/\/admpg.com.br\/2020\/comite-gestor-do-adm2020\/"]}]},{"@type":"BreadcrumbList","@id":"https:\/\/admpg.com.br\/2020\/comite-gestor-do-adm2020\/#breadcrumb","itemListElement":[{"@type":"ListItem","position":1,"name":"In\u00edcio","item":"https:\/\/admpg.com.br\/2020\/"},{"@type":"ListItem","position":2,"name":"Comit\u00ea Gestor"}]},{"@type":"WebSite","@id":"https:\/\/admpg.com.br\/2020\/#website","url":"https:\/\/admpg.com.br\/2020\/","name":"ADM 2020","description":"Congresso Internacional de Administra\u00e7\u00e3o 2019","potentialAction":[{"@type":"SearchAction","target":{"@type":"EntryPoint","urlTemplate":"https:\/\/admpg.com.br\/2020\/?s={search_term_string}"},"query-input":"required name=search_term_string"}],"inLanguage":"pt-BR"}]}},"_links":{"self":[{"href":"https:\/\/admpg.com.br\/2020\/wp-json\/wp\/v2\/pages\/2212"}],"collection":[{"href":"https:\/\/admpg.com.br\/2020\/wp-json\/wp\/v2\/pages"}],"about":[{"href":"https:\/\/admpg.com.br\/2020\/wp-json\/wp\/v2\/types\/page"}],"author":[{"embeddable":true,"href":"https:\/\/admpg.com.br\/2020\/wp-json\/wp\/v2\/users\/1"}],"replies":[{"embeddable":true,"href":"https:\/\/admpg.com.br\/2020\/wp-json\/wp\/v2\/comments?post=2212"}],"version-history":[{"count":6,"href":"https:\/\/admpg.com.br\/2020\/wp-json\/wp\/v2\/pages\/2212\/revisions"}],"predecessor-version":[{"id":3040,"href":"https:\/\/admpg.com.br\/2020\/wp-json\/wp\/v2\/pages\/2212\/revisions\/3040"}],"wp:attachment":[{"href":"https:\/\/admpg.com.br\/2020\/wp-json\/wp\/v2\/media?parent=2212"}],"curies":[{"name":"wp","href":"https:\/\/api.w.org\/{rel}","templated":true}]}}