{"id":1449,"date":"2018-02-26T13:23:54","date_gmt":"2018-02-26T13:23:54","guid":{"rendered":"http:\/\/admpg.com.br\/2020\/?page_id=1449"},"modified":"2020-07-16T23:00:53","modified_gmt":"2020-07-16T23:00:53","slug":"premio-sergio-escorsim","status":"publish","type":"page","link":"https:\/\/admpg.com.br\/2020\/premio-sergio-escorsim\/","title":{"rendered":"Pr\u00eamio Professor S\u00e9rgio Escorsim"},"content":{"rendered":"<p><strong><u>PR\u00caMIO PROFESSOR S\u00c9RGIO ESCORSIM<\/u><\/strong><\/p>\n<p>O Pr\u00eamio foi criado em 2010 em homenagem a um dos fundadores do ADM \u2013 Congresso Internacional de Administra\u00e7\u00e3o e professor da Universidade Estadual de Ponta Grossa (UEPG), S\u00e9rgio Escorsim. Foi a forma encontrada pelo comit\u00ea gestor do ADM \u2013 Congresso Internacional de Administra\u00e7\u00e3o para estender a troca de experi\u00eancia em um momento festivo, al\u00e9m de lembrar daquele que plantou a semente do Congresso h\u00e1 mais de 30 anos.<\/p>\n<p>O evento tem por finalidade premiar os melhores artigos inscritos no ADM &#8211; Congresso Internacional de Administra\u00e7\u00e3o, com o objetivo de estimular a pesquisa e a produ\u00e7\u00e3o cient\u00edfica no \u00e2mbito das 10 \u00e1reas tem\u00e1ticas do congresso.<\/p>\n<p><strong>REGULAMENTO DO PR\u00caMIO PROFESSOR S\u00c9RGIO ESCORSIM<\/strong><\/p>\n<p>Artigo 1\u00ba &#8211; O Pr\u00eamio Professor S\u00e9rgio Escorsim \u00e9 promovido pelo ADM \u2013 Congresso Internacional de Administra\u00e7\u00e3o \u2013 33\u00aa Edi\u00e7\u00e3o.<\/p>\n<p>Artigo 2\u00ba &#8211; O pr\u00eamio destina-se aos tr\u00eas artigos de maiores notas por \u00e1rea tem\u00e1tica, e receber\u00e3o a seguinte premia\u00e7\u00e3o:<\/p>\n<ul>\n<li>1\u00ba lugar \u2013 Certificado de melhor artigo da \u00e1rea tem\u00e1tica que concorreu;<\/li>\n<li>2\u00ba e 3\u00ba lugares \u2013 certificado que atesta que os artigos est\u00e3o entre os tr\u00eas melhores trabalhos da \u00e1rea tem\u00e1tica que concorreu.<\/li>\n<\/ul>\n<p>Artigo 3\u00ba &#8211; O ADM \u2013 Congresso Internacional de Administra\u00e7\u00e3o exige que os trabalhos submetidos sejam ORIGINAIS, ou seja, os trabalhos concorrentes n\u00e3o poder\u00e3o, sob pena de desclassifica\u00e7\u00e3o, terem sido previamente publicados em eventos anteriores.<\/p>\n<p style=\"padding-left: 40px;\">\u00a7 1\u00ba &#8211; Os artigos dever\u00e3o seguir as normas para submiss\u00e3o de artigos dispon\u00edvel em: <a href=\"https:\/\/admpg.com.br\/2020\/normas-para-submissao-de-trabalhos\/\">https:\/\/admpg.com.br\/2020\/normas-para-submissao-de-trabalhos\/<\/a>, caso contr\u00e1rio ser\u00e3o desclassificados.<\/p>\n<p>Artigo 4\u00ba &#8211; O contato com os autores e co-autores dos trabalhos ser\u00e1 feito exclusivamente pelo e-mail: <a href=\"mailto:cientifico@admpg.com.br\">cientifico@admpg.com.br<\/a>.<\/p>\n<p>Artigo 5\u00ba &#8211; Todos os artigos submetidos exclusivamente ao ADM 2020 \u2013 Congresso Internacional de Administra\u00e7\u00e3o &#8211; 33\u00aa Edi\u00e7\u00e3o, estar\u00e3o automaticamente concorrendo aos certificados do pr\u00eamio S\u00e9rgio Escorsim.<\/p>\n<p>Artigo 6\u00ba &#8211; As notas dos artigos ser\u00e3o atribu\u00eddas por pelo menos dois avaliadores ad-hoc, que comp\u00f5em o quadro de avaliadores do ADM-2020, pelo sistema duplo-cego (blind-review), sendo que a m\u00e9dia das duas notas, com aproxima\u00e7\u00e3o de duas casas decimais, compor\u00e1 a nota final para premia\u00e7\u00e3o.<\/p>\n<p style=\"padding-left: 40px;\">\u00a7 1\u00ba &#8211; As notas atribu\u00eddas pelos avaliadores ad-hoc s\u00e3o de car\u00e1ter \u00fanico, soberano e irretrat\u00e1vel, n\u00e3o suscet\u00edveis de recursos ou impugna\u00e7\u00f5es.<br \/>\n\u00a7 2\u00ba &#8211; As notas atribu\u00eddas pelos avaliadores n\u00e3o poder\u00e3o ser divulgadas.<br \/>\n\u00a7 3\u00ba &#8211; Caso haja empate em qualquer das tr\u00eas coloca\u00e7\u00f5es, o desempate se dar\u00e1 pelo c\u00e1lculo da m\u00e9dia com 8 casas decimais. Em persistindo empate, o pr\u00eamio ser\u00e1 dividido entre os artigos com a mesma nota m\u00e9dia.<\/p>\n<p>Artigo 7\u00ba &#8211; O ADM-2020 Congresso Internacional de Administra\u00e7\u00e3o, sem qualquer \u00f4nus, se reserva o direito de divulgar, irrestritamente, os nomes dos autores, t\u00edtulos e conte\u00fado dos artigos cient\u00edficos vencedores.<\/p>\n<p>Os casos omissos no Regulamento do Pr\u00eamio Professor S\u00e9rgio Escorsim 2020 ser\u00e3o resolvidos pelo Grupo Gestor do ADM-2020 Congresso Internacional de Administra\u00e7\u00e3o &#8211; 33\u00aa Edi\u00e7\u00e3o.<\/p>\n","protected":false},"excerpt":{"rendered":"<p>PR\u00caMIO PROFESSOR S\u00c9RGIO ESCORSIM O Pr\u00eamio foi criado em 2010 em homenagem a um dos fundadores do ADM \u2013 Congresso Internacional de Administra\u00e7\u00e3o e professor da Universidade Estadual de Ponta Grossa (UEPG), S\u00e9rgio Escorsim. Foi a forma encontrada pelo comit\u00ea gestor do ADM \u2013 Congresso Internacional de Administra\u00e7\u00e3o para estender a troca de experi\u00eancia em&nbsp;<\/p>\n<p><a class=\"btn btn-style\" href=\"https:\/\/admpg.com.br\/2020\/premio-sergio-escorsim\/\">Continue lendo<\/a><\/p>\n","protected":false},"author":1,"featured_media":0,"parent":0,"menu_order":0,"comment_status":"closed","ping_status":"closed","template":"page-right-sidebar.php","meta":[],"yoast_head":"<!-- This site is optimized with the Yoast SEO plugin v19.10 - https:\/\/yoast.com\/wordpress\/plugins\/seo\/ -->\n<title>Pr\u00eamio Professor S\u00e9rgio Escorsim - ADM 2020<\/title>\n<meta name=\"robots\" content=\"index, follow, max-snippet:-1, max-image-preview:large, max-video-preview:-1\" \/>\n<link rel=\"canonical\" href=\"https:\/\/admpg.com.br\/2020\/premio-sergio-escorsim\/\" \/>\n<meta property=\"og:locale\" content=\"pt_BR\" \/>\n<meta property=\"og:type\" content=\"article\" \/>\n<meta property=\"og:title\" content=\"Pr\u00eamio Professor S\u00e9rgio Escorsim - ADM 2020\" \/>\n<meta property=\"og:description\" content=\"PR\u00caMIO PROFESSOR S\u00c9RGIO ESCORSIM O Pr\u00eamio foi criado em 2010 em homenagem a um dos fundadores do ADM \u2013 Congresso Internacional de Administra\u00e7\u00e3o e professor da Universidade Estadual de Ponta Grossa (UEPG), S\u00e9rgio Escorsim. Foi a forma encontrada pelo comit\u00ea gestor do ADM \u2013 Congresso Internacional de Administra\u00e7\u00e3o para estender a troca de experi\u00eancia em&nbsp;Continue lendo\" \/>\n<meta property=\"og:url\" content=\"https:\/\/admpg.com.br\/2020\/premio-sergio-escorsim\/\" \/>\n<meta property=\"og:site_name\" content=\"ADM 2020\" \/>\n<meta property=\"article:modified_time\" content=\"2020-07-16T23:00:53+00:00\" \/>\n<meta name=\"twitter:card\" content=\"summary_large_image\" \/>\n<meta name=\"twitter:label1\" content=\"Est. tempo de leitura\" \/>\n\t<meta name=\"twitter:data1\" content=\"3 minutos\" \/>\n<script type=\"application\/ld+json\" class=\"yoast-schema-graph\">{\"@context\":\"https:\/\/schema.org\",\"@graph\":[{\"@type\":\"WebPage\",\"@id\":\"https:\/\/admpg.com.br\/2020\/premio-sergio-escorsim\/\",\"url\":\"https:\/\/admpg.com.br\/2020\/premio-sergio-escorsim\/\",\"name\":\"Pr\u00eamio Professor S\u00e9rgio Escorsim - ADM 2020\",\"isPartOf\":{\"@id\":\"https:\/\/admpg.com.br\/2020\/#website\"},\"datePublished\":\"2018-02-26T13:23:54+00:00\",\"dateModified\":\"2020-07-16T23:00:53+00:00\",\"breadcrumb\":{\"@id\":\"https:\/\/admpg.com.br\/2020\/premio-sergio-escorsim\/#breadcrumb\"},\"inLanguage\":\"pt-BR\",\"potentialAction\":[{\"@type\":\"ReadAction\",\"target\":[\"https:\/\/admpg.com.br\/2020\/premio-sergio-escorsim\/\"]}]},{\"@type\":\"BreadcrumbList\",\"@id\":\"https:\/\/admpg.com.br\/2020\/premio-sergio-escorsim\/#breadcrumb\",\"itemListElement\":[{\"@type\":\"ListItem\",\"position\":1,\"name\":\"In\u00edcio\",\"item\":\"https:\/\/admpg.com.br\/2020\/\"},{\"@type\":\"ListItem\",\"position\":2,\"name\":\"Pr\u00eamio Professor S\u00e9rgio Escorsim\"}]},{\"@type\":\"WebSite\",\"@id\":\"https:\/\/admpg.com.br\/2020\/#website\",\"url\":\"https:\/\/admpg.com.br\/2020\/\",\"name\":\"ADM 2020\",\"description\":\"Congresso Internacional de Administra\u00e7\u00e3o 2019\",\"potentialAction\":[{\"@type\":\"SearchAction\",\"target\":{\"@type\":\"EntryPoint\",\"urlTemplate\":\"https:\/\/admpg.com.br\/2020\/?s={search_term_string}\"},\"query-input\":\"required name=search_term_string\"}],\"inLanguage\":\"pt-BR\"}]}<\/script>\n<!-- \/ Yoast SEO plugin. -->","yoast_head_json":{"title":"Pr\u00eamio Professor S\u00e9rgio Escorsim - ADM 2020","robots":{"index":"index","follow":"follow","max-snippet":"max-snippet:-1","max-image-preview":"max-image-preview:large","max-video-preview":"max-video-preview:-1"},"canonical":"https:\/\/admpg.com.br\/2020\/premio-sergio-escorsim\/","og_locale":"pt_BR","og_type":"article","og_title":"Pr\u00eamio Professor S\u00e9rgio Escorsim - ADM 2020","og_description":"PR\u00caMIO PROFESSOR S\u00c9RGIO ESCORSIM O Pr\u00eamio foi criado em 2010 em homenagem a um dos fundadores do ADM \u2013 Congresso Internacional de Administra\u00e7\u00e3o e professor da Universidade Estadual de Ponta Grossa (UEPG), S\u00e9rgio Escorsim. Foi a forma encontrada pelo comit\u00ea gestor do ADM \u2013 Congresso Internacional de Administra\u00e7\u00e3o para estender a troca de experi\u00eancia em&nbsp;Continue lendo","og_url":"https:\/\/admpg.com.br\/2020\/premio-sergio-escorsim\/","og_site_name":"ADM 2020","article_modified_time":"2020-07-16T23:00:53+00:00","twitter_card":"summary_large_image","twitter_misc":{"Est. tempo de leitura":"3 minutos"},"schema":{"@context":"https:\/\/schema.org","@graph":[{"@type":"WebPage","@id":"https:\/\/admpg.com.br\/2020\/premio-sergio-escorsim\/","url":"https:\/\/admpg.com.br\/2020\/premio-sergio-escorsim\/","name":"Pr\u00eamio Professor S\u00e9rgio Escorsim - ADM 2020","isPartOf":{"@id":"https:\/\/admpg.com.br\/2020\/#website"},"datePublished":"2018-02-26T13:23:54+00:00","dateModified":"2020-07-16T23:00:53+00:00","breadcrumb":{"@id":"https:\/\/admpg.com.br\/2020\/premio-sergio-escorsim\/#breadcrumb"},"inLanguage":"pt-BR","potentialAction":[{"@type":"ReadAction","target":["https:\/\/admpg.com.br\/2020\/premio-sergio-escorsim\/"]}]},{"@type":"BreadcrumbList","@id":"https:\/\/admpg.com.br\/2020\/premio-sergio-escorsim\/#breadcrumb","itemListElement":[{"@type":"ListItem","position":1,"name":"In\u00edcio","item":"https:\/\/admpg.com.br\/2020\/"},{"@type":"ListItem","position":2,"name":"Pr\u00eamio Professor S\u00e9rgio Escorsim"}]},{"@type":"WebSite","@id":"https:\/\/admpg.com.br\/2020\/#website","url":"https:\/\/admpg.com.br\/2020\/","name":"ADM 2020","description":"Congresso Internacional de Administra\u00e7\u00e3o 2019","potentialAction":[{"@type":"SearchAction","target":{"@type":"EntryPoint","urlTemplate":"https:\/\/admpg.com.br\/2020\/?s={search_term_string}"},"query-input":"required name=search_term_string"}],"inLanguage":"pt-BR"}]}},"_links":{"self":[{"href":"https:\/\/admpg.com.br\/2020\/wp-json\/wp\/v2\/pages\/1449"}],"collection":[{"href":"https:\/\/admpg.com.br\/2020\/wp-json\/wp\/v2\/pages"}],"about":[{"href":"https:\/\/admpg.com.br\/2020\/wp-json\/wp\/v2\/types\/page"}],"author":[{"embeddable":true,"href":"https:\/\/admpg.com.br\/2020\/wp-json\/wp\/v2\/users\/1"}],"replies":[{"embeddable":true,"href":"https:\/\/admpg.com.br\/2020\/wp-json\/wp\/v2\/comments?post=1449"}],"version-history":[{"count":13,"href":"https:\/\/admpg.com.br\/2020\/wp-json\/wp\/v2\/pages\/1449\/revisions"}],"predecessor-version":[{"id":2934,"href":"https:\/\/admpg.com.br\/2020\/wp-json\/wp\/v2\/pages\/1449\/revisions\/2934"}],"wp:attachment":[{"href":"https:\/\/admpg.com.br\/2020\/wp-json\/wp\/v2\/media?parent=1449"}],"curies":[{"name":"wp","href":"https:\/\/api.w.org\/{rel}","templated":true}]}}