{"id":1363,"date":"2018-02-26T10:52:35","date_gmt":"2018-02-26T10:52:35","guid":{"rendered":"http:\/\/admpg.com.br\/2020\/?page_id=1363"},"modified":"2020-07-31T11:44:06","modified_gmt":"2020-07-31T11:44:06","slug":"normas-para-submissao-de-trabalhos","status":"publish","type":"page","link":"https:\/\/admpg.com.br\/2020\/normas-para-submissao-de-trabalhos\/","title":{"rendered":"Normas para Submiss\u00e3o de Trabalhos"},"content":{"rendered":"<h2><strong>Normas para Formata\u00e7\u00e3o<\/strong><\/h2>\n<p>O artigo poder\u00e1 ser elaborado em portugu\u00eas, ingl\u00eas ou espanhol e poder\u00e1 ter no m\u00e1ximo 5 autores. Como autor principal podem ser enviados at\u00e9 5 (cinco) artigos e na co-autoria fica liberada a quantidade.<\/p>\n<p>Os artigos completos (<em>full papers<\/em>) devem ser in\u00e9ditos, ter no m\u00e1ximo 16 p\u00e1ginas e respeitar as regras de formata\u00e7\u00e3o dispon\u00edveis no site do evento e no modelo de artigo, sob pena de ser desconsiderado (n\u00e3o avaliado).<\/p>\n<p>Os artigos em Portugu\u00eas e Espanhol dever\u00e3o conter obrigatoriamente o resumo em ingl\u00eas (<em>Abstract<\/em>). Os artigos escritos em ingl\u00eas dever\u00e3o conter o resumo em Portugu\u00eas e Espanhol.<\/p>\n<p>O texto do Resumo dever\u00e1 ter no m\u00e1ximo 250 palavras, sem refer\u00eancias bibliogr\u00e1ficas e notas. O Resumo n\u00e3o pode ter figuras, tabelas ou gr\u00e1ficos.<\/p>\n<p>As demais normas de formata\u00e7\u00e3o (tipo e tamanho de letra, espa\u00e7amento, margens, gr\u00e1ficos, tabelas e figuras) est\u00e3o dispon\u00edveis no modelo de artigo do Evento.<\/p>\n<p><a href=\"https:\/\/admpg.com.br\/2020\/wp-content\/uploads\/2020\/07\/Modelo-de-Artigo-2020_2.docx\"><strong>MODELO DE ARTIGO PARA O EVENTO 2020 &#8211; PORTUGU\u00caS (CLIQUE AQUI PARA REALIZAR O DOWNLOAD)<\/strong><\/a><\/p>\n<p><a href=\"https:\/\/admpg.com.br\/2020\/wp-content\/uploads\/2020\/07\/Plantilla-de-Articulo-2020_Espanhol_2.docx\"><strong>MODELO DE ARTIGO PARA O EVENTO &#8211; ESPANHOL (CLIQUE AQUI PARA REALIZAR O DOWNLOAD)<\/strong><\/a><\/p>\n<p><strong>D\u00favidas? Envie e-mail para <a href=\"mailto:cientifico@admpg.com.br\">cientifico@admpg.com.br<\/a><\/strong><\/p>\n<h2><strong>Normas para Submiss\u00e3o<\/strong><\/h2>\n<p>Enviar artigo na \u00edntegra, atrav\u00e9s do sistema de submiss\u00e3o de trabalhos.<\/p>\n<p><a href=\"https:\/\/inscricao.admpg.com.br\/index.php\/auth\/eventologin\/3\"><strong>ACESSE O SISTEMA DE SUBMISS\u00c3O DE TRABALHOS (CLIQUE AQUI).<\/strong><\/a><\/p>\n<p>Enviar 2 arquivos no formato &#8220;.pdf&#8221;, um com nome dos autores e outro sem nomes. O arquivo deve ter no m\u00e1ximo <strong>2 Mb<\/strong>.<\/p>\n<p>O modelo disponibilizado dever\u00e1 ser seguido obrigatoriamente (inclusive com o logo do evento apenas no cabe\u00e7alho da primeira p\u00e1gina), sob pena de desclassifica\u00e7\u00e3o.<\/p>\n<p>Cabe ao primeiro autor a postagem do artigo, observando a inser\u00e7\u00e3o de todos os co-autores e seus respectivos CPF\u00b4s. A ordem inserida no site deve ser exatamente a mesma do artigo anexado.<br \/>\n<em>* Obs.: Ordem de autores diferente do artigo, ser\u00e3o desclassificados.<\/em><\/p>\n<p>Ap\u00f3s a data de encerramento das submiss\u00f5es, n\u00e3o ser\u00e3o permitidas substitui\u00e7\u00f5es de artigos.<\/p>\n<h2>Normas de Apresenta\u00e7\u00e3o<\/h2>\n<p>Nesta edi\u00e7\u00e3o, em virtude da pandemia do Covid-19, as apresenta\u00e7\u00f5es dos artigos selecionados poder\u00e3o ser realizadas online pela plataforma disponibilizada pelo evento.<\/p>\n<p>As apresenta\u00e7\u00f5es n\u00e3o ser\u00e3o obrigat\u00f3rias, por\u00e9m os autores que a apresentarem online, far\u00e3o jus ao certificado de apresenta\u00e7\u00e3o, constando o nome de todos os autores.<\/p>\n<p>A apresenta\u00e7\u00e3o online ter\u00e1 uma dura\u00e7\u00e3o de at\u00e9 15 minutos, com 5 minutos para argui\u00e7\u00e3o.<\/p>\n<p>Comunica\u00e7\u00e3o Oral: O autor deve elaborar apresenta\u00e7\u00e3o do artigo no Power Point, conforme modelo disponibilizado no site.<\/p>\n<p><a href=\"https:\/\/admpg.com.br\/2020\/wp-content\/uploads\/2020\/06\/MODELO_SLIDES_ADM2020.pptx\"><strong>DOWNLOAD DO MODELO DE SLIDE PARA APRESENTA\u00c7\u00c3O<\/strong><\/a><\/p>\n<p>Os dias, hor\u00e1rios e locais ser\u00e3o informados a partir da divulga\u00e7\u00e3o dos artigos aceitos pela Comiss\u00e3o Cient\u00edfica.<\/p>\n<p>A apresenta\u00e7\u00e3o do artigo dever\u00e1 ser feita por qualquer um dos autores.<\/p>\n<p>Os artigos aceitos ser\u00e3o publicados na \u00edntegra nos ANAIS eletr\u00f4nicos do evento, <strong>desde que a taxa de inscri\u00e7\u00e3o em nome do primeiro autor esteja paga<\/strong>.<\/p>\n<p><strong>D\u00favidas? Envie e-mail para <a href=\"mailto:cientifico@admpg.com.br\">cientifico@admpg.com.br<\/a><\/strong><\/p>\n","protected":false},"excerpt":{"rendered":"<p>Normas para Formata\u00e7\u00e3o O artigo poder\u00e1 ser elaborado em portugu\u00eas, ingl\u00eas ou espanhol e poder\u00e1 ter no m\u00e1ximo 5 autores. Como autor principal podem ser enviados at\u00e9 5 (cinco) artigos e na co-autoria fica liberada a quantidade. Os artigos completos (full papers) devem ser in\u00e9ditos, ter no m\u00e1ximo 16 p\u00e1ginas e respeitar as regras de&nbsp;<\/p>\n<p><a class=\"btn btn-style\" href=\"https:\/\/admpg.com.br\/2020\/normas-para-submissao-de-trabalhos\/\">Continue lendo<\/a><\/p>\n","protected":false},"author":1,"featured_media":0,"parent":0,"menu_order":0,"comment_status":"closed","ping_status":"closed","template":"page-right-sidebar.php","meta":[],"yoast_head":"<!-- This site is optimized with the Yoast SEO plugin v19.10 - https:\/\/yoast.com\/wordpress\/plugins\/seo\/ -->\n<title>Normas para Submiss\u00e3o de Trabalhos - ADM 2020<\/title>\n<meta name=\"robots\" content=\"index, follow, max-snippet:-1, max-image-preview:large, max-video-preview:-1\" \/>\n<link rel=\"canonical\" href=\"https:\/\/admpg.com.br\/2020\/normas-para-submissao-de-trabalhos\/\" \/>\n<meta property=\"og:locale\" content=\"pt_BR\" \/>\n<meta property=\"og:type\" content=\"article\" \/>\n<meta property=\"og:title\" content=\"Normas para Submiss\u00e3o de Trabalhos - ADM 2020\" \/>\n<meta property=\"og:description\" content=\"Normas para Formata\u00e7\u00e3o O artigo poder\u00e1 ser elaborado em portugu\u00eas, ingl\u00eas ou espanhol e poder\u00e1 ter no m\u00e1ximo 5 autores. Como autor principal podem ser enviados at\u00e9 5 (cinco) artigos e na co-autoria fica liberada a quantidade. Os artigos completos (full papers) devem ser in\u00e9ditos, ter no m\u00e1ximo 16 p\u00e1ginas e respeitar as regras de&nbsp;Continue lendo\" \/>\n<meta property=\"og:url\" content=\"https:\/\/admpg.com.br\/2020\/normas-para-submissao-de-trabalhos\/\" \/>\n<meta property=\"og:site_name\" content=\"ADM 2020\" \/>\n<meta property=\"article:modified_time\" content=\"2020-07-31T11:44:06+00:00\" \/>\n<meta name=\"twitter:card\" content=\"summary_large_image\" \/>\n<meta name=\"twitter:label1\" content=\"Est. tempo de leitura\" \/>\n\t<meta name=\"twitter:data1\" content=\"3 minutos\" \/>\n<script type=\"application\/ld+json\" class=\"yoast-schema-graph\">{\"@context\":\"https:\/\/schema.org\",\"@graph\":[{\"@type\":\"WebPage\",\"@id\":\"https:\/\/admpg.com.br\/2020\/normas-para-submissao-de-trabalhos\/\",\"url\":\"https:\/\/admpg.com.br\/2020\/normas-para-submissao-de-trabalhos\/\",\"name\":\"Normas para Submiss\u00e3o de Trabalhos - ADM 2020\",\"isPartOf\":{\"@id\":\"https:\/\/admpg.com.br\/2020\/#website\"},\"datePublished\":\"2018-02-26T10:52:35+00:00\",\"dateModified\":\"2020-07-31T11:44:06+00:00\",\"breadcrumb\":{\"@id\":\"https:\/\/admpg.com.br\/2020\/normas-para-submissao-de-trabalhos\/#breadcrumb\"},\"inLanguage\":\"pt-BR\",\"potentialAction\":[{\"@type\":\"ReadAction\",\"target\":[\"https:\/\/admpg.com.br\/2020\/normas-para-submissao-de-trabalhos\/\"]}]},{\"@type\":\"BreadcrumbList\",\"@id\":\"https:\/\/admpg.com.br\/2020\/normas-para-submissao-de-trabalhos\/#breadcrumb\",\"itemListElement\":[{\"@type\":\"ListItem\",\"position\":1,\"name\":\"In\u00edcio\",\"item\":\"https:\/\/admpg.com.br\/2020\/\"},{\"@type\":\"ListItem\",\"position\":2,\"name\":\"Normas para Submiss\u00e3o de Trabalhos\"}]},{\"@type\":\"WebSite\",\"@id\":\"https:\/\/admpg.com.br\/2020\/#website\",\"url\":\"https:\/\/admpg.com.br\/2020\/\",\"name\":\"ADM 2020\",\"description\":\"Congresso Internacional de Administra\u00e7\u00e3o 2019\",\"potentialAction\":[{\"@type\":\"SearchAction\",\"target\":{\"@type\":\"EntryPoint\",\"urlTemplate\":\"https:\/\/admpg.com.br\/2020\/?s={search_term_string}\"},\"query-input\":\"required name=search_term_string\"}],\"inLanguage\":\"pt-BR\"}]}<\/script>\n<!-- \/ Yoast SEO plugin. -->","yoast_head_json":{"title":"Normas para Submiss\u00e3o de Trabalhos - ADM 2020","robots":{"index":"index","follow":"follow","max-snippet":"max-snippet:-1","max-image-preview":"max-image-preview:large","max-video-preview":"max-video-preview:-1"},"canonical":"https:\/\/admpg.com.br\/2020\/normas-para-submissao-de-trabalhos\/","og_locale":"pt_BR","og_type":"article","og_title":"Normas para Submiss\u00e3o de Trabalhos - ADM 2020","og_description":"Normas para Formata\u00e7\u00e3o O artigo poder\u00e1 ser elaborado em portugu\u00eas, ingl\u00eas ou espanhol e poder\u00e1 ter no m\u00e1ximo 5 autores. Como autor principal podem ser enviados at\u00e9 5 (cinco) artigos e na co-autoria fica liberada a quantidade. Os artigos completos (full papers) devem ser in\u00e9ditos, ter no m\u00e1ximo 16 p\u00e1ginas e respeitar as regras de&nbsp;Continue lendo","og_url":"https:\/\/admpg.com.br\/2020\/normas-para-submissao-de-trabalhos\/","og_site_name":"ADM 2020","article_modified_time":"2020-07-31T11:44:06+00:00","twitter_card":"summary_large_image","twitter_misc":{"Est. tempo de leitura":"3 minutos"},"schema":{"@context":"https:\/\/schema.org","@graph":[{"@type":"WebPage","@id":"https:\/\/admpg.com.br\/2020\/normas-para-submissao-de-trabalhos\/","url":"https:\/\/admpg.com.br\/2020\/normas-para-submissao-de-trabalhos\/","name":"Normas para Submiss\u00e3o de Trabalhos - ADM 2020","isPartOf":{"@id":"https:\/\/admpg.com.br\/2020\/#website"},"datePublished":"2018-02-26T10:52:35+00:00","dateModified":"2020-07-31T11:44:06+00:00","breadcrumb":{"@id":"https:\/\/admpg.com.br\/2020\/normas-para-submissao-de-trabalhos\/#breadcrumb"},"inLanguage":"pt-BR","potentialAction":[{"@type":"ReadAction","target":["https:\/\/admpg.com.br\/2020\/normas-para-submissao-de-trabalhos\/"]}]},{"@type":"BreadcrumbList","@id":"https:\/\/admpg.com.br\/2020\/normas-para-submissao-de-trabalhos\/#breadcrumb","itemListElement":[{"@type":"ListItem","position":1,"name":"In\u00edcio","item":"https:\/\/admpg.com.br\/2020\/"},{"@type":"ListItem","position":2,"name":"Normas para Submiss\u00e3o de Trabalhos"}]},{"@type":"WebSite","@id":"https:\/\/admpg.com.br\/2020\/#website","url":"https:\/\/admpg.com.br\/2020\/","name":"ADM 2020","description":"Congresso Internacional de Administra\u00e7\u00e3o 2019","potentialAction":[{"@type":"SearchAction","target":{"@type":"EntryPoint","urlTemplate":"https:\/\/admpg.com.br\/2020\/?s={search_term_string}"},"query-input":"required name=search_term_string"}],"inLanguage":"pt-BR"}]}},"_links":{"self":[{"href":"https:\/\/admpg.com.br\/2020\/wp-json\/wp\/v2\/pages\/1363"}],"collection":[{"href":"https:\/\/admpg.com.br\/2020\/wp-json\/wp\/v2\/pages"}],"about":[{"href":"https:\/\/admpg.com.br\/2020\/wp-json\/wp\/v2\/types\/page"}],"author":[{"embeddable":true,"href":"https:\/\/admpg.com.br\/2020\/wp-json\/wp\/v2\/users\/1"}],"replies":[{"embeddable":true,"href":"https:\/\/admpg.com.br\/2020\/wp-json\/wp\/v2\/comments?post=1363"}],"version-history":[{"count":31,"href":"https:\/\/admpg.com.br\/2020\/wp-json\/wp\/v2\/pages\/1363\/revisions"}],"predecessor-version":[{"id":2941,"href":"https:\/\/admpg.com.br\/2020\/wp-json\/wp\/v2\/pages\/1363\/revisions\/2941"}],"wp:attachment":[{"href":"https:\/\/admpg.com.br\/2020\/wp-json\/wp\/v2\/media?parent=1363"}],"curies":[{"name":"wp","href":"https:\/\/api.w.org\/{rel}","templated":true}]}}